- (54 + -51).
1
What is (-3 - -1) + 6 + 1 + 0?
5
Evaluate -6 - ((-3 - 4) + 4).
-3
Calculate 5 + (-15 - -4) - -5.
-1
15 - 7 - 13 - (-9 + 0)
4
8 + -7 - (0 + (-1 - -1))
1
Calculate (0 - 0) + -6 + 7 + 5.
6
What is the value of 2 - (37 - 41 - (1 - -1))?
8
Calculate (5 - -1) + 43 + -42.
7
Evaluate -6 - (-9 - -10 - 10).
3
Evaluate (1 - 7 - -2) + (1 - 2).
-5
Evaluate 2 + (5 - 4) + -1.
2
What is 6 + 12 + -6 + -12?
0
2 - (9 + 1 + -7 + 4)
-5
What is the value of -1 - 4 - 1 - -4?
-2
Evaluate 2 + 3 - (0 - 0) - 11.
-6
Evaluate 3 - (8 - (-1 + (1 - -1))).
-4
Evaluate 4 - (-5 - -10) - 4.
-5
Evaluate (3 - 1) + (13 - (8 + 4)).
3
What is the value of -5 + (16 - 3) + -5?
3
What is the value of -2 - (2 - 2) - (-12 + 10)?
0
-4 + (-2 - (-13 - -5))
2
What is 1 + (-2 - -1) + 0 + -5?
-5
What is the value of 4 + -1 + 3 + (4 - 6)?
4
Evaluate (-9 + 5 - (6 + -3)) + 6.
-1
What is (-4 - -2) + (5 - 2 - 2)?
-1
What is the value of (-3 - -7) + -2 - (-3 - -6)?
-1
Evaluate -1 + (-5 - -5) + -4.
-5
What is 4 - (-7 + 5) - 5?
1
Calculate 5 - (2 + 3) - -2.
2
Evaluate -4 + 4 + 2 + -2.
0
What is the value of -1 + 0 - (-4 - (-1 - 1))?
1
Evaluate (3 - 9) + -4 + 4.
-6
What is the value of (2 - 8) + (-4 + 9 - 3)?
-4
(-2 - -6) + 1 + (-4 - -1)
2
What is 0 + 1 - -3 - (-53 - -59)?
-2
Calculate (4 - 2) + -1 - (3 - 0).
-2
What is (-1 - 0) + (-2 - 2) + 2?
-3
What is the value of -4 + 1 - (1 + -6)?
2
Evaluate 3 + -4 + -1 + -4 + 4.
-2
What is the value of -1 - -8 - 7 - 1?
-1
What is the value of -2 + (-2 + -3 - (12 + -20))?
1
Calculate -7 + 4 + (3 + -2 - 2).
-4
What is (3 - 9) + 2 + 4 + -3?
-3
Calculate -7 - (-8 - (5 - (-4 + 9))).
1
What is the value of 5 + -4 + 10 + -6?
5
Calculate -4 + 7 - (2 - -1).
0
What is the value of 2 + 0 + 28 + -29?
1
What is the value of 3 + (-6 - (2 - 3)) + -1?
-3
-1 + 1 - (8 + -4 + -9)
5
Evaluate 2 + -1 - ((-4 - -12) + -7).
0
Evaluate 7 - 6 - 1 - (2 + 0).
-2
Calculate -1 + 1 - 5 - (73 + -77).
-1
7 + -1 + (-67 - -55) - -5
-1
-8 + 8 + (7 - -2 - 5)
4
Evaluate 2 + (5 - (3 + 3 + -5)).
6
What is 8 + -1 + 0 + -1 + -3?
3
What is the value of 5 - (5 - (2 - (2 + -1)))?
1
What is the value of -2 + 7 + -3 + -3 + -2?
-3
3 + -2 + (-8 - -10)
3
What is the value of -4 + 2 - (-5 + 5) - 0?
-2
0 + 10 + -64 + 57
3
What is the value of 3 - ((2 - 4) + 10)?
-5
9 - 3 - (-3 + 15)
-6
What is the value of 2 - 0 - (30 + -30)?
2
Evaluate 5 + -3 + (2 - -3) + -2.
5
Evaluate -5 + -1 + 20 + -4 + -11.
-1
What is -4 + 1 + -29 + 36?
4
What is -3 + (0 - -1) - -4 - 4?
-2
What is -4 - (-5 - (-11 + 4))?
-6
Calculate 6 + 1 + (-5 - -4) + -1.
5
Calculate 5 - (1 - 0) - (4 - 1).
1
Evaluate -4 + 5 + 7 + -3 + 1.
6
What is 3 + -1 + -8 + 5?
-1
What is 4 - ((-4 - 0) + 10)?
-2
14 + -5 + -3 + 1 + 2
9
-3 - (1 + -8 - (4 - 8))
0
Calculate -5 + -1 + -2 + 11 + 6.
9
Evaluate -3 - (4 - (-2 + 7) - -3).
-5
What is -10 + (5 - (1 + 5 - 6))?
-5
What is the value of -3 + 3 + 1 + -2 + 0?
-1
1 + (5 + 1 - 10)
-3
4 + 0 + -2 - (109 - 108)
1
Calculate 5 + -5 + (-2 - -7).
5
Calculate (2 - 1) + 6 + -2.
5
What is the value of (2 - 3 - -2) + (2 - 6)?
-3
Calculate 4 + (-9 + 1 - (3 + -3)).
-4
Calculate (-1 - 9) + (12 - 3).
-1
Calculate 0 + -1 + -7 + 5.
-3
Calculate 10 - ((15 - 2) + -3).
0
Calculate (0 + 3 + -9 - -4) + -1.
-3
(-12 + 6 - -4) + -3
-5
What is 4 + (-5 - -4) + -6 + 0?
-3
What is the value of -6 + 0 + (1 + 0 - 1)?
-6
-4 - (11 - (26 - 10))
1
What is the value of -52 + 50 + 1 + 1?
0
What is the value of 11 - (-1 + 6 - (8 - 6))?
8
Calculate 2 + 3 + (-17 - -12).
0
What is the value of 8 + (0 - 1) + -7 + 8?
8
Calculate (12 + -18 - -5) + -6.
-7
What is the value of 71 + -55 + 2 + -10?
8
Evaluate (-1 - 5) + 83 + -81.
-4
Calculate 4 + -1 - (-17 - -21).
-1
Evaluate 5 - (1 + -1 + 10).
-5
What is 0 - (4 - (4 + 4))?
4
What is -4 + 3 + (-12 - -3)?
-10
What is the value of (9 + -6 - 3) + -3?
-3
Evaluate -1 - (-2 + 4) - -4.
1
What is (1 - (19 - 12)) + 4?
-2
What is -5 - 0 - (-47 - -31)?
11
(11 + -13 - 2) + -3 + -1
-8
(-2 - (-16 + 2)) + -6
6
What is the value of 3 - (-2 - (-1 - 4))?
0
What is the value of -9 - (9 + -6 + -16)?
4
What is 32 - 39 - (-1 + 0)?
-6
Evaluate -7 + 0 + 24 + -21 + 5.
1
6 + (0 - 3) - 0
3
Calculate -2 + (-1 + 0 - (5 - 7)).
-1
Evaluate (5 + (-25 - -4) - -3) + 5.
-8
-5 - (-7 + (5 - 0))
-3
-2 + -1 + 5 - 2
0
Calculate (-14 - 2) + (13 - -1 - 7).
-9
Calculate -6 - (6 + -9 - 5).
2
What is -2 - 1 - -1 - (-15 + 10)?
3
Evaluate -5 - ((9 - -1) + -10).
-5
What is the value of -2 - (-6 + 6 + (2 - 4))?
0
2 + -3 + 0 + 8 - 4
3
What is (2 - -6) + 22 + -23?
7
0 + (5 - 6) + -1 + 1
-1
What is 1 - (11 + -6) - -10?
6
53 + -45 - ((1 - 1) + 0)
8
What is the value of 1 + -2 + (0 + 0 - -1)?
0
Calculate -3 - -4 - (-3 - -3).
1
What is 3 + -6 + (41 - 36)?
2
Calculate 0 + -2 - (-15 + 8).
5
Calculate (-2 - -10) + -8 + 5.
5
Calculate 4 - ((-6 - -5) + -4).
9
What is -4 + 18 + -2 + -9?
3
Evaluate -2 - (5 + 1 + -8 + 5).
-5
Calculate -4 + -4 + (-18 - -19).
-7
What is the value of -5 + -1 + 4 - -2?
0
What is 2 - (12 - (2 + -1 + 4))?
-5
What is 4 + -2 + (-9 - -12)?
5
5 - (0 + -3 + 3)
5
Calculate -2 + -4 + 6 + -1.
-1
What is (-7 - (2 - -1)) + 7?
-3
What is -44 - -43 - (-2 + 1 - 3)?
3
Evaluate (11 - (-2 + 11)) + 0.
2
Evaluate -11 + 5 + -3 + 7.
-2
Calculate -7 - (6 + -1 + -18).
6
Evaluate -10 + -5 + 11 + -1 + 4.
-1
-7 - (3 - (2 - -5)) - -7
4
Calculate 16 + -21 + (-1 + 1 - 0).
-5
Evaluate 9 + (2 - 7) - -7 - 5.
6
Evaluate (12 - 10 - (0 + 1)) + 3.
4
What is the value of -1 - 1 - (3 + (1 - 3))?
-3
Evaluate -2 - (0 + -3 + 2 + -3).
2
Calculate (22 - 3) + (5 - 10) - 3.
11
Calculate 2 + -8 + (-3 - (-8 - -4)).
-5
Calculate (4 - -1) + (13 - 18).
0
What is 6 - (4 + -1 + -3 + 4)?
2
What is the value of 3 + (-5 - (-3 - -3)) - -3?
1
What is (-1 - 2) + (-4 - (6 - 9))?
-4
What is (-9 - (-1 - 18)) + -7?
3
What is the value of 1 + -10 + 2 + 12?
5
Evaluate 1 + -6 - (-4 + -2 - 1).
2
Evaluate (-18 - -8 - -6) + 0.
-4
Evaluate 7 + -7 - (-1 + 0 - 2).
3
What is the value of -2 + -3 + -1 + -3 + 4?
-5
What is 10 + 1 - (14 + -10)?
7
Calculate -2 - ((6 - 3) + 3 + -11).
3
What is the value of 7 + -1 + (2 - 6)?
2
What is the value of -23 + 18 + 6 + -2?
-1
Calculate -20 + 22 + 2 + -5.
-1
Calculate 8 + 2 + (-1 - (1 - -6)).
2
-4 - -10 - 4 - (-4 - -2)
4
What is 0 + 4 + -3 + -2 + -1?
-2
(-1 - -3) + -7 + 6 + 4
5
4 + (3 - 3) - (6 + 0)
-2
Evaluate (5 - 1 - 0) + 1.
5
6 + (-3 + 1 - 6)
-2
Calculate -11 + (-2 - -6) + 20 - 5.
8
What is (-4 - -1) + 3 + -3?
-3
Calculate (-15 - -10 - (-1 - 14)) + -4.
6
What is the value of 3 + -3 + 2 + 1 - 2?
1
Calculate (9 - 7) + (-3 - (2 - -1)).
-4
What is the value of 4 - (1 - -6) - -8?
5
Evaluate -6 - -14 - (5 - (-2 + 3)).
4
Evaluate 3 - (-4 + (10 - 4) - 0).
1
Evaluate 1 - 8 - (-14 - (-6 + -9)).
-8
Calculate 2 + 2 + 2 + -12.
-6
Evaluate -3 - (-2 + (1 - 2)).
0
Evaluate -2 - (-4 + (1 - -4)).
-3
5 - (5 + -1 + 4 + -4)
1
What is the value of -10 - -13 - (-1 + 1)?
3
What is the value of -7 + 1 + (-22 - (21 + -49))?
0
Evaluate 10 - ((-10 - (0 + -7)) + 4).
9
What is the value of (11 - 2) + -13 + (-1 - 1)?
-6
What is -1 + 2 - -1 - 7?
-5
Calculate (7 - 13) + -1 - -8.
1
What is 4 - 6 - 1 - (-7 + 1)?
3
(-5 - (-7 - (-3 - -1))) + -4
-4
-10 - (2 + 10 + -17)
-5
Calculate -7 + 5 + -4 + 6.
0
Calculate (8 - 10) + 16 + -7.
7
-3 - (3 + (-4 - 3))
1
Evaluate -3 + 3 + 0 + 5.
5
2 + 3 + (-7 - -7) - 6
-1
What is the value of 10 - 0 - (152 - 142)?
0
(0 - (0 + 3)) + 1 + 0
-2
Evaluate 0 - 0 - (8 - (-12 + 18)).
-2
Evaluate 4 + -6 + (0 - -6).
4
Evaluate 3 + -8 + 2 - -3.
0
Evaluate 3 + 0 + (-5 - 0).
-2
-6 + 5 + (-3 - -6)
2
Evaluate -3 + -6 + 8 + 3.
2
What is the value of -2 + (-4 - -5) - 4?
-5
Calculate -1 - (-1 + 3 + -1).
-2
Calculate 0 - 1 - (13 + -22).
8
What is the value of (14 - 12) + 1 + 0 + 2?
5
What is the value of -1 + (7 - 3 - 6 - 2)?
-5
What is the value of 6 + -1 + -3 - 2?
0
-3 + 3 + 0 - -2
2
What is -6 + (-6 - -11) - (-5 + -1)?
5
Calculate 11 + -2 + 0 + -4.
5
Calculate -11 + -1 + 16 - -4.
8
Evaluate 13 - 16 - (5 - 9).
1
Calculate -1 + (2 - (1 + -5)).
5
12 - (-3 - (-17 - -6))
4
What is 8 + (2 - (2 - 2)) + -5?
5
Evaluate (-8 - -1) + -1 + -2 + 6.
-4
What is 8 - (-10 + 9 + 3)?
6
What is the value of -2 - (4 + -5) - (3 - -1)?
-5
What is the value of (2 - 0) + 9 + -15?
-4
Calculate -1 + -1 - (-10 + 3 - -6).
-1
What is 11 - 10 - (-5 + 9 + 3)?
-6
Evaluate 12 - 5 - 0 - 1.
6
2 + (-6 - (-5 - -2) - -9)
8
(9 